3 - -312. Suppose 2*w - 4*q + q = i, 2*w + 2*q - 4 = 0. What is the greatest common factor of 1 and w?
1
Let g = -35540 - -35640. Let q be (3300/(-8))/(6/(-8)). Calculate the highest common divisor of q and g.
50
Suppose 294 = 7*o - 490. Suppose -o = -3*c + 7*c. Let l = 42 + c. What is the greatest common divisor of l and 7?
7
Let k = 1052 + -1020. Calculate the greatest common divisor of k and 48.
16
Let c be (-104)/(-12) + 1/3. Suppose -33*b - 2997 = -144*b. What is the highest common factor of c and b?
9
Let o be (-3)/6*258/(-3). Suppose o*f - 1763 = 774. What is the highest common divisor of 1003 and f?
59
Let h(z) = 22*z**2 + 2*z. Let q be h(-1). Let v = 14 + -14. Suppose f = -v*f + q. What is the greatest common factor of f and 180?
20
Let x(s) = -2562*s**3 - 34*s**2 - 27*s + 8. Let u be x(-1). Calculate the highest common factor of u and 33.
11
Let k(t) = t**3 - 13*t**2 + 61*t - 37. Let g be k(17). What is the greatest common divisor of g and 33?
11
Suppose 6*r = r + 14480. What is the highest common divisor of 16 and r?
16
Suppose 4*z - 121 = 3*i, -4822*z + 5*i - 33 = -4826*z. Suppose 4*n - 17 + 4 = -b, 2*n - 5 = -b. Calculate the highest common divisor of n and z.
2
Let a = 1517 + -1363. What is the highest common divisor of a and 77?
77
Let m = -56 + 55. Let d be m - ((-6)/(-2) + -7). Let v(y) = 2*y**2 + 4. Let l be v(d). Calculate the greatest common divisor of l and 11.
11
Let q be (-4444)/(-19) + (-302)/(-2869). What is the greatest common divisor of 792 and q?
18
Let t(z) = -z**3 + 93*z**2 - 246*z + 312. Let l be t(90). What is the greatest common divisor of 24 and l?
24
Suppose -g + 2*u = -1082, u + 72 - 70 = 0. Calculate the greatest common divisor of g and 70.
14
Let q = -5386 - -6394. What is the greatest common divisor of q and 228?
12
Suppose 25*c - 87781 = -8156. Calculate the greatest common factor of c and 35.
35
Suppose -20*k + 21535 = -5025. What is the greatest common divisor of 415 and k?
83
Let d = -1934 - -2733. What is the greatest common factor of d and 47?
47
Suppose 2*r = -2*r - 4*d + 12, 0 = 4*r + 3*d - 13. Suppose -r*a + 52 + 64 = 2*k, -4*k + 2*a = -272. What is the highest common factor of 88 and k?
22
Let z = 6610 + -5584. What is the highest common divisor of z and 76?
38
Let n(r) = -r**3 - r**2 - r + 86. Let u be n(0). Suppose 31 = -d + u. Suppose d = 5*j - 3*c, -j = 3*j + c - 44. What is the highest common factor of 11 and j?
11
Let c be 280/88 - (-4)/(-22). Suppose 3*l + 4*r - 95 = 234, -3*l + 330 = c*r. What is the highest common factor of l and 148?
37
Suppose 45 = 5*b + 30. Let t be (5/10 - b)/(5/(-4)). Calculate the greatest common factor of t and 194.
2
Suppose -2*c + 56 + 31 = -11*q, 2*q = 5*c - 192. What is the greatest common divisor of c and 3781?
19
Let d be ((-42)/(-1))/((-51)/238). Let r(g) = g**2 + 15*g + 18. Let a be r(11). Let o = d + a. What is the highest common divisor of o and 24?
12
Let n = -38 - -53. Let w be 17/(-2)*(5 - -19). Let u = w - -219. What is the highest common divisor of n and u?
15
Let s be 2/10 - (-1137)/15. Suppose o + 2*c - 16 - 3 = 0, 4*o - 2*c - 76 = 0. What is the highest common divisor of o and s?
19
Let o be (-1 - 399/(-14))*(-96)/(-5). What is the greatest common divisor of o and 144?
48
Let d(g) = g**2 + 4*g + 8. Let r be d(0). Suppose 0 = k - 13 + r. Calculate the greatest common factor of k and 25.
5
Suppose -41824 = -780*m + 776*m - 4328. What is the highest common divisor of m and 86?
86
Let t(j) = j + 26. Let k be t(-32). Let c be (15/(-3))/(k/306) - -1. Calculate the highest common factor of 16 and c.
16
Let q be 66/3 + 11/(33/12). What is the highest common factor of q and 104?
26
Let n(j) = 3*j**3 - 40*j**2 + 38*j + 161. Let f be n(13). What is the highest common factor of 246 and f?
6
Let s(r) = r**3 - 120*r**2 + 474*r - 4. Let c be s(4). Calculate the greatest common divisor of c and 8298.
18
Suppose -4*d + 84 = 36. Suppose -18*m = -0*m - 414. Let g(o) = -8*o + 232. Let z be g(m). Calculate the highest common divisor of d and z.
12
Let j = 39 + -15. Let z be 9/18*(3 - 1) - -4. Suppose z*f - 46*v = -45*v + 41, 4*f - 27 = -5*v. What is the highest common factor of j and f?
8
Suppose 2*o - 52 = 4*o - 4*d, -3*d - 46 = o. Let i = 41 + o. What is the greatest common divisor of i and 287?
7
Let t be 330/48*(2 - -86). What is the greatest common factor of t and 4565?
55
Let o = 813 - 390. Let n = 433 - o. Calculate the highest common divisor of n and 4.
2
Suppose 2*p - 2 = 0, 0*i + 1704 = -5*i + 4*p. Let m(r) = 10*r + 20. Let u be m(-16). Let q = u - i. What is the highest common factor of q and 80?
40
Let v be 20*((-6)/(-9))/(10/1182). Calculate the highest common divisor of v and 16.
8
Let g(l) = -19*l - 1. Let x be g(-2). Let c be 30/6 + -3 - -9. Suppose -c*u - 1036 = -25*u. Calculate the highest common divisor of u and x.
37
Let v = 242 + -246. Suppose 3*o = 2*d - 0*d - 36, -o + 52 = 2*d. Let m = d - v. Calculate the greatest common factor of m and 4.
4
Let p(g) = 4*g + 23. Let x be p(10). Suppose -3*s + 9 = -x. Let b be 2*2/(-12) + (-40)/(-12). What is the highest common divisor of b and s?
3
Let k(m) = -m**3 - 8*m**2 + 22*m - 13. Suppose -6*r + 20 = -8*r. Let p be k(r). Let g = p + 38. What is the highest common factor of g and 15?
5
Let x(i) = -81*i**2 - 183*i - 2. Let n be x(-2). Calculate the greatest common divisor of 2400 and n.
40
Suppose 4*j - 175 - 23 = -3*o, -178 = -4*j - o. Let z be (-1)/2*0 + 78. Calculate the greatest common divisor of z and j.
6
Suppose 17*b - 2*k = 20*b - 982, 5*b = 2*k + 1658. Calculate the greatest common factor of b and 209.
11
Suppose -11*n - 7*n + 2682 = 0. Let j be n - ((-60)/4)/3 - 2. Calculate the greatest common factor of j and 24.
8
Let x(v) = -v**2 - 15*v - 50. Let r be x(-10). Suppose r = 3*f - 789 + 663. What is the greatest common factor of 30 and f?
6
Suppose -2*j + 12 = 14*v - 12*v, 3*j - v - 2 = 0. Suppose -j*g + s + 107 = 0, 4*s + 136 + 84 = 4*g. Calculate the greatest common factor of 156 and g.
52
Let t(b) = -2*b**3 - 4*b**2 + 12*b - 7. Let y be t(-6). Let z = -161 + y. Calculate the greatest common divisor of 624 and z.
48
Suppose 39*i - 33*i - 24 = 0. Suppose -4*x - 4 = 0, -4*l - x = -i*x - 531. Calculate the highest common factor of l and 44.
44
Let p = 1035 - 993. What is the highest common divisor of 4396 and p?
14
Suppose 0 = -6*q + q + 15. Suppose -q*k = 51 - 66. Suppose 0 = 4*g + 5*n - 333 - 27, 437 = k*g + 3*n. Calculate the highest common factor of 5 and g.
5
Let p = -16 + 19. Let n = -22 - -58. Let v = n + -24. What is the highest common factor of p and v?
3
Let g(a) = a**2 + 5*a + 7. Let l be g(-2). Let u be 202 + (-21)/(-14)*(1 + l). Let r = u - 142. Calculate the greatest common divisor of r and 9.
9
Let s(f) = -5*f**2 + 15*f + 7. Let c be s(-3). Let t be (1 + 17)/(21/(-56)). Let i = t - c. Calculate the greatest common divisor of 5 and i.
5
Let f(r) = r**2 + 163*r + 1702. Let p be f(-11). Let z = -1 - -11. Calculate the greatest common divisor of p and z.
10
Let t = 37 - 6. Let x be (176320/50)/(-8) - 2/10. Let f = x + 472. What is the greatest common factor of t and f?
31
Suppose 72 = b - 4*q + 7*q, -4*q - 404 = -7*b. What is the greatest common factor of 400 and b?
20
Suppose 0 = 30*t - 26*t - 48. Suppose 4*k + t = k, -3*x + 35 = -2*k. Let l be (-1561)/(-35) + 2/5. Calculate the greatest common divisor of l and x.
9
Suppose -16*u = -533 - 363. Suppose -5*r + 0*z + 21 = z, 0 = -r + 4*z. Let a(t) = 4*t. Let d be a(r). Calculate the greatest common divisor of d and u.
8
Let q be 10/6*756/105. Let i be (2 - 4)/((-3)/6). What is the greatest common divisor of q and i?
4
Suppose -3*g + 0*g + 3532 = -4433. Calculate the highest common factor of g and 135.
45
Suppose 1032*j - 1083*j = -146523. What is the greatest common factor of j and 39?
13
Let n = -7 - -46. Suppose a + 5*g - n = -2*a, 2*g = -4*a + 66. Suppose 0 = -o + 5 + 1. What is the highest common divisor of o and a?
6
Suppose 8 = r - 6. Let z(c) = -c + 17. Let o be z(r). Suppose -o*n + 280 = -n. What is the greatest common divisor of 14 and n?
14
Suppose 0 = 3*k - 84 + 9 - 57. What is the highest common divisor of k and 5104?
44
Let v = -6502 - -8217. What is the greatest common factor of v and 105?
35
Let k(s) = 5*s - 90. Let z 